-5) is divided by 10?
5
Let y(f) = 172*f - 978. Calculate the remainder when y(9) is divided by 187.
9
Suppose 25*z - 19*z = 1998. Let w = -325 + z. Suppose 7*g - 63 = 4*g. Calculate the remainder when g is divided by w.
5
Suppose -21*g = -22*g + 44. Let w be -2 + -9*(-3)/9. Let s(y) = 9*y**3. What is the remainder when g is divided by s(w)?
8
Suppose -5 - 19 = -6*n. Suppose 3*k - 85 + 19 = -n*i, 0 = 4*i - 5*k - 82. Let p = -97 - -167. Calculate the remainder when p is divided by i.
16
Suppose -2*x = 3*q - 264, 3*x - q + 170 = 544. Let t = 21 - -5. Calculate the remainder when x is divided by t.
22
Suppose -h + 2*w = 137, 6*w - 7*w + 141 = -h. Let q = h + 398. Calculate the remainder when q is divided by 44.
33
Let t(c) = -2*c**3 - 195*c**2 + 86*c - 675. What is the remainder when t(-98) is divided by (1 - -61 - -1) + 0?
60
Suppose -3*h = -2*s - 1, -2*s + 4*h - 3*h = -9. Suppose 2*t = t - s. Let k(f) = f**2 + 6*f + 14. What is the remainder when 82 is divided by k(t)?
19
Suppose 4 + 10 = -3*l + 5*w, -3*l - w = -10. What is the remainder when 1/(-3) - 46/(-3) is divided by l/((-1 - -5)/20)?
5
Let z(c) = -196*c + 3777. What is the remainder when z(19) is divided by 8?
5
Let h be 678/15 - ((-19)/5 - -4). Suppose -z - 26 = -h. Calculate the remainder when 94 is divided by z.
18
Let b(l) be the third derivative of -l**6/120 - l**5/10 + 5*l**4/12 - 11*l**3/3 + 3*l**2 + 2. What is the remainder when b(-9) is divided by 11?
10
Let x(j) = -2*j - 3. Calculate the remainder when ((-42)/(-10))/(180/600) is divided by x(-6).
5
Let l(z) = -40*z - 603. Calculate the remainder when 210 is divided by l(-17).
56
Let c = 6 + -7. Let d(j) = -113*j. Calculate the remainder when d(c) is divided by 39.
35
Let j(w) = -w**3 + 20*w**2 - 20*w + 34. Let b(r) = -14*r + 75. Let h be b(4). Calculate the remainder when 15 is divided by j(h).
0
Let l(t) = -t**3 + 6*t**2 - 5*t - 1. Let u be (-12)/(-42) + 38/14. Suppose g - 12 = -u*g. Calculate the remainder when l(4) is divided by g.
2
Let t = 1405 + -1285. Let s be (-1)/(-1 + 2 + -2). What is the remainder when 32 is divided by s/2*t/((-10)/(-2))?
8
Calculate the remainder when 1489 is divided by 5215/14 - (-3)/(-6).
1
Suppose -230*j + 106*j + 714 = -110*j. What is the remainder when 35442 is divided by j?
48
Let p be 350 - (0 - (-12)/2) - 3. Suppose -m - 920 = -3*s, 3*m = 3*s - 589 - p. What is the remainder when s is divided by 34?
33
Suppose -13*w + 115 = 50. Calculate the remainder when 112 is divided by -6 + 2 + 335/w + -3.
52
Suppose -4*u + 12 = 4*f, -3*f - 1 = 11. Suppose -2*r - 4*a + 74 = 0, -u*r + 124 = -3*r - 4*a. Let k = -20 + r. What is the remainder when k is divided by 5?
3
Suppose 0 = -4*t - 9*y + 10*y + 735, 733 = 4*t - 3*y. Suppose t = 13*w - 5*w. Calculate the remainder when w is divided by 2.
1
Suppose 28 + 73 + 70 = 9*i. Calculate the remainder when 1880 is divided by i.
18
Let w = 1003 - 204. Let a = 813 - w. What is the remainder when 488 is divided by a?
12
Let j(x) = -125*x. Let o(k) = -2*k**2 - 132*k + 12000. What is the remainder when j(-1) is divided by o(-117)?
59
Suppose 32*y + 2308 - 36 = 103*y. What is the remainder when 1404 is divided by y?
28
Calculate the remainder when 1391 is divided by -26 - -24 - -6 - (0 + -123).
121
Let j = 3158 + -1144. Calculate the remainder when j is divided by 65.
64
Let l = -74 - -78. Suppose 11 = -j + l*p, 0 = j + 3*p + p - 29. Calculate the remainder when 86 is divided by j.
5
Let u be ((-2)/17 + (-936)/(-442))/2. Suppose 2*f - 127 = -2*t + 147, 0 = f - u. What is the remainder when t is divided by 48?
40
What is the remainder when 474/2 - (2 + -1) is divided by (9009/2574)/(3/(-9)*(-21)/8)?
0
Suppose -7*s + 119 - 82 = -208. Calculate the remainder when (-189)/(-2) - (-10)/20 is divided by s.
25
Let p(y) = -6*y + 147. Suppose -2*f = -5*u - 6*f - 31, -u = 4*f + 3. What is the remainder when p(u) is divided by 24?
21
Suppose 12*d - 17*d + p = 7, -2*d + 4*p + 8 = 0. Let x(c) = c**2 - 8*c + 10. What is the remainder when x(8) is divided by -1 + (8/4)/(d/(-4))?
1
Let r(a) = -a**3 - 3*a + 3. Let m be r(0). Suppose m*h - 4*h = -15. Calculate the remainder when 88 is divided by h.
13
Let t be 6/2*-9*1. Let l = -23 - t. Calculate the remainder when ((-46)/l)/(5/(-10)) is divided by 8.
7
Let g be 0 + 7 + -1 - -4 - -5. Suppose 0 = -g*c - 88 + 883. Calculate the remainder when c is divided by 29.
24
Let d be (3/(-2))/(-4 - (-1113)/276). Let j = d + 51. Suppose -l + j*v = -3*l + 11, -5*l - 2*v = -17. What is the remainder when 20 is divided by l?
2
Suppose -38*w + 49175 = -4291. What is the remainder when w is divided by 49?
35
Suppose 4*s = -2*l + 24, l + 4*s - 8 = 12. What is the remainder when 84 is divided by (-94)/(-2) - (16 + 0)/l?
41
Let d(z) = -28*z - 495. What is the remainder when 599 is divided by d(-18)?
5
Suppose -2*g - 1696 = -2*c, -192*c - 2*g + 833 = -191*c. What is the remainder when c is divided by 9?
6
Suppose 4*i + 4*d - 164 = 0, 4*d - 294 = -298. What is the remainder when 49 is divided by i?
7
Suppose -m - 18 = -17. What is the remainder when 1296/((-48)/(-6)) + m is divided by 24?
17
Let d = 4 + 0. Let j = -40 + 188. Suppose d*i + 4*c = j, 2*i + 3*c - 6*c - 49 = 0. What is the remainder when 63 is divided by i?
31
Let z(v) = 5*v**2 - 262*v + 27. What is the remainder when z(-11) is divided by 37?
36
Let n = 844 + -1184. Let x = -256 - n. Calculate the remainder when 259 is divided by x.
7
Let v be 30/(-4) - (-9)/(-18). Suppose 0 = -20*b + 323 + 237. Calculate the remainder when b is divided by (v/20)/((-2)/50).
8
Let s be 6/(-2) - (-1 - 67)*1. Suppose 4*c - s = 19. Suppose 6*f + j - 28 = 3*f, -2*f + c = 3*j. Calculate the remainder when 31 is divided by f.
4
Suppose -4*w + 3*a + 33255 = 4458, a = 5. Calculate the remainder when w is divided by 131.
129
Suppose 79*n - 39116 = -28*n - 20*n. What is the remainder when 627 is divided by n?
11
Suppose 2*t = 5*t - 3, 5*l - 2*t = 148. Let v = 45 - l. Suppose 0 = v*g - 12*g - 321. What is the remainder when g is divided by 18?
17
Suppose h + o - 1 = 0, 3*h + 10*o = 24*o + 54. Calculate the remainder when 38 is divided by h.
2
Let n = 897 + -892. Suppose 2*k - 7*k + 3*r + 65 = 0, 0 = 3*k + n*r - 39. Calculate the remainder when 15 is divided by k.
2
Let b(t) = 12*t - 4*t + 9*t + 16. Let z be b(4). Suppose 34*l - 30*l - z = 0. Calculate the remainder when l is divided by 14.
7
Suppose -8*h + 217 + 257 = -14. Calculate the remainder when 286 is divided by h.
42
Let d = 1497 + 2370. Calculate the remainder when d is divided by 10.
7
Let i be 21/(-35)*((-100)/4 - 0). Suppose 0 = -7*o + 76 + i. Calculate the remainder when 4/3*150/4 is divided by o.
11
Suppose -2 = -3*k + 1, -1388 = -4*h - 4*k. Let a = 372 - h. What is the remainder when 167 is divided by a?
11
Let k(p) = -2*p**3 + 10*p**2 + 7*p. Calculate the remainder when k(-3) is divided by 10.
3
Suppose 4*p - 13173 = -3*n, 5*n + 5*p - 3910 = 18040. What is the remainder when n is divided by 61?
56
Suppose -7*p + 3*p + 2*w = -154, 2*p = -5*w + 83. Suppose p*b + 83 = 356. What is the remainder when 249 is divided by b?
4
Let p(j) = j**2 - 172*j + 7402. What is the remainder when 5388 is divided by p(85)?
5
Suppose -6*i = -3*i + o - 766, -5*o = -3*i + 760. Suppose -3*d + 57 + i = 0. Suppose -2*h + d - 4 = 0. Calculate the remainder when h is divided by 18.
14
Calculate the remainder when 3597 is divided by 18/78 + (-1038)/(-234)*27.
117
Suppose 5*g - 3*o = 475, 3*o = -11*g + 8*g + 285. Calculate the remainder when 565 is divided by g.
90
Let o = -284 + 283. What is the remainder when 171 - (1/o + 1) is divided by 35?
31
Suppose 799 = 19*b + 777 - 1213. What is the remainder when 395 is divided by b?
5
Let m(n) = 3*n**2 + 50*n + 132. What is the remainder when 4147 is divided by m(-3)?
7
What is the remainder when 254 is divided by 110 + -102 - 6/(-1)?
2
Suppose 2*a + 20 = -5*y + 21, -4*a - 2*y + 10 = 0. Suppose -a*o + 486 = -3*n + 33, 2*o = -2*n + 282. Calculate the remainder when o is divided by 44.
14
Suppose 9 = 3*a, 5*x + 33*a = 29*a + 492. Calculate the remainder when 959 is divided by x.
95
Suppose 6*u + 834 = 90. Let o = u + 143. Calculate the remainder when 34 is divided by o.
15
Suppose -312*u + 148*u = -134*u - 16920. What is the remainder when u is